)/1. Give j(r).
3
Let n(l) = -2*l + 4. Let t = -702 + 707. Give n(t).
-6
Let b(f) be the second derivative of f**4/12 - f**3/6 + 6*f**2 - 10*f. Determine b(0).
12
Let a(n) be the third derivative of n**5/60 - 7*n**4/24 - n**3/3 + 124*n**2. Give a(-3).
28
Let m(k) = 652*k - 330*k - 327*k - 3 - 2*k**2. Determine m(-3).
-6
Suppose 2*f - 8 = -3*t, 2*t - f = -6*f + 20. Let v(l) = l**3 + l**2 + 2*l + 5. Determine v(t).
5
Let o(f) be the third derivative of -f**4/6 - 4*f**3/3 + 23*f**2. Calculate o(-4).
8
Let d(k) = -11*k**2 - 15*k. Let q(w) = 5*w**2 + 7*w. Let h(r) = -6*d(r) - 13*q(r). Suppose 55 = 33*x - 11. Give h(x).
2
Let k(h) = 35 - 800*h**2 + 809*h**2 + 0*h**3 - 12*h - h**3. Let b be k(8). Let s(c) = -c**3 + 3*c**2 - 4*c + 2. What is s(b)?
-10
Let g(h) be the third derivative of -h**6/720 + h**5/40 + h**4/6 - 10*h**2. Let n(r) be the second derivative of g(r). Give n(6).
-3
Suppose o - 4 = 2*n, -4*n = -2*o + o + 8. Let b be 4 - o/(4/(-1)). Let s(w) = -w**3 + 4*w**2 + 3*w - 2. What is s(b)?
10
Let h be 3*(300/(-9))/4. Let b be -1*1 - 5/(h/20). Let m(s) = s - 1. What is m(b)?
2
Let f = -1162 - -1169. Let i(c) = -c**2 + 4*c + 9. Give i(f).
-12
Suppose 2*d = -4*n - 8, 3*d = -4*n + 99 - 101. Let m(w) = w**3 - 7*w**2 + 13*w - 49. Give m(d).
-7
Let r(w) = w**2 - w - 1. Let k(z) = 3*z**3 + 1 - 4*z**3 + 428*z - 4*z**2 - 421*z. Let l(q) = -k(q) + 2*r(q). What is l(-7)?
11
Let q(h) = -h**2 - 4*h + 8. Let u(t) = 15*t - 247. Let z be u(16). Give q(z).
-13
Let q(d) be the first derivative of -7*d + 1/3*d**3 + 8 + 1/2*d**2. Give q(0).
-7
Let b(k) = 2*k**3 + 3*k**2 - 4*k - 3. Let i = 296 + -299. Determine b(i).
-18
Let d(n) = n**2 + 4*n - 1. Let w = 39 - 42. Calculate d(w).
-4
Suppose 10*j - 114 = -4. Let l(h) = 3*h**2 - 13*h**2 - j + h**3 + 0 - 2*h**3. Give l(-10).
-11
Let q(v) = 11 + 71*v - 7*v**3 - 14*v**2 + 8*v**3 - 104*v. Determine q(16).
-5
Let t(f) = -f + 9. Let x be t(4). Let y(a) = -19 + 11 + a**2 - 6*a - 2*a + x. Give y(9).
6
Suppose -7*j = -8*j + 21. Let p = j + -27. Let a(v) = v**3 + 6*v**2 - 4*v - 7. What is a(p)?
17
Let d(l) = l**3 - 5*l**2 + 6*l - 10. Let z be d(4). Let a = z - -5. Let y(i) = i**2 - 7*i + 2. Give y(a).
-10
Let y = -77 - -74. Let d(f) = -f**3 - 3*f**2 + 3*f + 4. What is d(y)?
-5
Let h = 49 + -33. Let o(g) = g**3 - 15*g**2 - 16*g. Let i be o(h). Let l(a) = a**3 - a + 16. Determine l(i).
16
Let a(l) = -l**3 + 11*l**2 - 9*l + 1. Let h(i) = -i**3 + 14*i**2 - 11*i + 1. Let m(r) = -5*a(r) + 4*h(r). What is m(1)?
2
Let a(y) = 5*y**3 + 11*y**2 + 11*y + 6. Let o(i) = i**3 + i**2 + i. Let n(d) = a(d) - 4*o(d). Calculate n(-6).
0
Let v(a) = -a**3 - a**2 - 12. Let t(n) be the second derivative of n**3/6 - n**2/2 - 4*n. Let c be t(3). Suppose 4*x = c*x. What is v(x)?
-12
Let a(v) = v**2 + 2*v - 1. Let c be a(-3). Let z(m) = 3*m**c + 2*m**2 + 1 + 7*m**2 + m + 0. Calculate z(-1).
12
Let l = 232 - 237. Let b(o) = -6*o - 22. Calculate b(l).
8
Let z(c) = -2*c + 5. Let w = 15 - 2. Suppose -1 + w = 4*h. Let p be 4 + (h - 1 - 2). Calculate z(p).
-3
Let s(v) = -v**2 + 3*v + 7. Let r = -5 + 5. Let a be (r + 2 + 1)*1. Let k = a - -2. Calculate s(k).
-3
Let h(d) be the third derivative of -3*d**2 + 1/3*d**3 + 1/60*d**5 + 1/24*d**4 + 0*d + 0. Determine h(-3).
8
Let i(y) = -y**2 - 27*y + 14. Let j be i(-28). Let u(w) = w**3 + 15*w**2 + 13*w - 9. Calculate u(j).
5
Suppose 5*y + 20 = -2*s + 6*s, 2*y = 0. Let k(z) = 6*z**3 - 5*z**2 - 5*z - 2. Let h(f) = 7*f**3 - 5*f**2 - 6*f - 3. Let n(c) = -5*h(c) + 6*k(c). What is n(s)?
3
Let y(d) be the second derivative of -7*d**3/6 + d**2/2 + 3*d - 59. Determine y(3).
-20
Let q(r) = 13*r + 38. Let d(a) = -6*a - 19. Let y(j) = 5*d(j) + 2*q(j). Calculate y(-5).
1
Suppose 4*s - 13 = -3*k, 4*k = -4*s + 9 + 7. Let i(m) = k - m + 2 - 4. Let x(b) = -b - 3. Let z be x(3). Calculate i(z).
7
Let v(x) = -x**3 + 7*x**2 - x - 6. Let n be v(6). Let t = -18 + n. Let g(m) = -t + 5 + 2*m + 7 - m. Calculate g(-6).
0
Let x(n) = -n + 1. Let f be x(-3). Let y be 3*f*(-12)/(-24). Let c(u) be the first derivative of -u**4/4 + 7*u**3/3 - 3*u**2 + 4*u - 2. Give c(y).
4
Let c(p) = -42*p + 264. Let m be c(6). Let q(t) = -t**2 + 13*t - 12. Give q(m).
0
Let q(m) be the first derivative of 7*m**3/3 + 2*m**2 - 9*m + 101. Suppose 0 = -2*b - 2*b - 24. Let y(u) = u**2 - 1. Let l(r) = b*y(r) + q(r). Determine l(-4).
-3
Let n(x) = -4*x**2 - 9*x - 2. Let a(i) = 5*i**2 + 12*i + 3. Let v(w) = 5*a(w) + 6*n(w). Calculate v(-6).
3
Let c be (-10)/50 + (-126)/(-5) + 0. Let d = c + -24. Let p(u) = 19*u + 1. Calculate p(d).
20
Let r(c) = c**2 - 3*c + 2. Suppose -4*j - 12 = -4*q, -j = j + 5*q + 6. Suppose -4*o - 3 = -o. Let g = o - j. Give r(g).
0
Let a = 829 + -834. Let z(w) = 5*w + 2. Give z(a).
-23
Let f(r) = r**3 + r**2 - 2*r + 1. Let z be (-4)/(-6) + 1/3. Let g be f(z). Let m(a) = -6*a**3 + 1 - 2*a + 4*a**2 + 7*a**3 + g - a**2. What is m(-4)?
-6
Suppose -35 = d + 5*i, 4*i + 36 = -d + 6. Let w(s) = s**2 + 9*s - 8. Calculate w(d).
2
Let s(m) = -2*m - 1 + 10*m + 5*m. Let q(b) = b**2 - 4*b - 7. Let o be q(6). Suppose 0 = p - 2*p - o*d + 1, 0 = 5*d. Calculate s(p).
12
Suppose 5*y - 25 = 0, 0 = -2*z + 3*z + 2*y - 11. Let v(r) = r**3 + 7*r**2 + 7*r + 6. Let w be v(-6). Let u(c) = w*c - c - 8*c. Determine u(z).
-9
Let c be 75/9 + 2/3. Suppose -c + 24 = 5*w. Suppose 0 = -4*t - 2*n + 18, t - w*n - 2*n = 21. Let i(f) = f - 5. Calculate i(t).
1
Let u(y) be the second derivative of -5*y**3/6 + 11*y**2/2 - 29*y. Let r(h) = 0 + 2 + 12*h - 1 - 13*h. Let x(k) = 6*r(k) - u(k). What is x(4)?
-9
Let z(g) = g + 1. Let h(k) = 6 - 7 + 0 + 7*k. Let u(j) = -h(j) + 6*z(j). Determine u(9).
-2
Let x(o) = 2*o - 23. Let r be -501*4/(-180) - 4/30. Determine x(r).
-1
Suppose 3*j = 2*l + 50, 2*l + 6 = -j - 60. Let h = 37 + l. Let q(y) = 18*y + 0 - 19*y - h. What is q(-6)?
0
Suppose 2*a = 2*i - 3*a - 33, 3*i - 60 = -3*a. Let u(z) = i*z**2 + 18*z**2 + 2 - 38*z**2 - z. What is u(2)?
-4
Let w(q) = 4*q. Let p(z) = 12*z + 20. Let c(y) = -p(y) + 4*w(y). Calculate c(4).
-4
Let k be (-5840)/(-949) - (-2)/(-13). Let h(a) = -a**3 + 8*a**2 - 9*a + 7. Give h(k).
25
Let b(i) = -4*i**3 - 3*i**2 + 5*i + 5. Let d(g) = g**3 - g - 1. Let p(q) = b(q) + 3*d(q). Suppose 3*k + 0 = -12. Let l = -7 - k. Calculate p(l).
-4
Let o(a) = 2*a**2 - 7*a - 201. Let n be o(12). Let j be 2/(-5) + (-17)/(-5). Let q(m) = -m**2 + 4*m**j + 15*m**n - m**3. Determine q(-1).
-19
Let n be 37/(-111)*(-15 - 0). Let g(d) = -d**2 + d. Let w(u) = 7*u**2 - 11*u - 6. Let o(s) = 6*g(s) + w(s). Give o(n).
-6
Let f(h) be the second derivative of h**3/3 - 7*h**2/2 - 17*h. What is f(3)?
-1
Let r(a) = a**2. Let u(f) = -f**2 + f + 1. Let n(g) = 3*r(g) - u(g). Determine n(-2).
17
Let i(r) = 14*r + 407. Let g be i(-29). Let d(t) = 23*t - 6. Determine d(g).
17
Let s(h) = h**2 + 4*h - 6. Suppose 5 + 5 = -2*b. Let a(u) = u**3 + 6*u**2 - u - 6. Let l be a(b). Suppose 2*t - 6*t = l. Determine s(t).
6
Let j be ((-36)/(-30))/(4/10). Let i(l) = -24 - 2*l + 21 + j*l. What is i(-4)?
-7
Suppose 0 = 17*y + 30 - 13. Let d(z) = -11*z - 4. What is d(y)?
7
Let f(i) = 3*i - 4. Let n(w) = -14*w + 48. Let o be n(3). Determine f(o).
14
Let a(q) = -q**2 - 4*q + 2. Let b(i) = 5*i**2 + 21*i - 12. Let d(p) = -22*a(p) - 4*b(p). Calculate d(-5).
34
Let m(d) = 2*d**2 - 4*d - 10. Let k(l) = l + 247*l**2 - 246*l**2 - 3*l - 5. Let a(u) = -11*k(u) + 6*m(u). What is a(5)?
10
Let u(q) be the first derivative of 1/3*q**3 + 3/4*q**4 + 0*q + 0*q**2 - 15. Calculate u(1).
4
Suppose 0 = 3*y + f + 8, -5*y + 4*f - 6*f - 14 = 0. Let m(t) be the third derivative of t**6/120 + t**5/60 + t**4/12 + t**3/2 - 2*t**2 + 39. What is m(y)?
-5
Let g(i) be the second derivative of 0*i**2 + 1/360*i**6 + 1/24*i**5 - 7/24*i**4 - i + 0 + i**3. Let z(o) be the second derivative of g(o). Determine z(-5).
-7
Let q(v) = 9*v**2 + 7*v**3 + 10*v**3 + 3 - 15 - 18*v**3. Give q(9).
-12
Suppose 3*p = p + 6. Let v(g) = g + p + 2*g + 0 - 4*g. Suppose 4*a + 9 = -2*o + 21, 3*o + 3*a = 12. Determine v(o).
1
Let k(o) = o**3 + 9*o**2 - 4*o + 1. Let s(w) = -3*w**3 - 19*w**2 + 8*w. Let y(g) = -5*k(g) - 2*s(g). Calculate y(6).
-17
Let p be 5/15 + 7/(-3). Let y be 0 + (-8)/(8/p). Let k(g) = -9*g**y + 4 + g + 0*g - g**3 + 8*g**2. Calculate k(-3).
19
Let k(q) be the first derivative of -q**3/3 + 11*q**2/2 - q + 13. Determine k(